 common divisor of i and 18.
18
Let q = 351 - 270. Suppose n = 4*k - 105, -5*k + 4*n = -215 + q. Calculate the greatest common factor of k and 962.
26
Suppose -91*s = -8101 - 1904 - 8559. What is the highest common factor of s and 3655?
17
Let l = 671 + -320. Let t be (-15561)/252 + 62 + (-153)/(-12). What is the highest common divisor of t and l?
13
Let f(i) = -4*i + 2. Let o be f(-7). Let z be 1*(-16 - -17 - 478*(0 - (-2)/(-4))). Calculate the highest common divisor of o and z.
30
Let y = -238 + 252. Let h be 660/y - -3*(-1)/21. Calculate the greatest common divisor of h and 94.
47
Suppose -3*h + 5*n - 588 = -2009, -2*h = 4*n - 940. What is the greatest common divisor of h and 1593?
59
Suppose 12*j - 5019 = 1125. Calculate the greatest common divisor of 352 and j.
32
Let c(g) = -389*g**3 - 4*g**2 + 413*g + 1623. Let n be c(-4). Calculate the greatest common factor of 17 and n.
17
Let t = 43 + -42. Let f be (t/(-2))/((-2)/(-4)) + 3. Suppose 29 = 5*v + 3*b - 7*b, -4*v - f*b = -44. What is the greatest common factor of 36 and v?
9
Let w(r) = 8*r**3 + r**2 - 10*r - 132. Let o be w(12). Calculate the highest common factor of 216 and o.
108
Suppose 3*r + g = 518, -4*g - 164 = -0*r - r. Let n = -146 + r. Calculate the greatest common divisor of n and 104.
26
Suppose -k - 4*k + 2*g = -103, 3*k - 2*g = 61. What is the greatest common divisor of 24 and k?
3
Let k(u) = u**2 + 6. Let m be k(0). Let g(z) = 3*z**3 - 14*z**2 + 8*z - 2. Let b be g(m). Calculate the greatest common divisor of 19 and b.
19
Suppose 508*r - 531*r + 213693 = 0. Calculate the highest common factor of r and 57.
57
Let i = 58 - 55. Suppose 4*l = -3*o + 885, o - 1109 = i*l - 8*l. Calculate the highest common factor of l and 6.
6
Suppose -76626 = -2786*n + 2700*n. What is the greatest common divisor of n and 162?
81
Let v(p) = 2*p**2 + 103*p + 2158. Let w be v(-30). What is the greatest common divisor of w and 155?
31
Let t = -70 + 75. Suppose t*m + g - 46 = -5, -3*m - 2*g + 26 = 0. Calculate the highest common divisor of m and 10.
2
Let g(k) = k**3 - 19*k**2 + 3*k + 380. Let d be g(18). Suppose -31 = -7*x + 39. What is the highest common factor of d and x?
10
Let f(b) = 4*b**2 - 6*b - 19. Let h be f(-4). Suppose 3*g + h = 7*g + 5*u, 2*g + 2*u = 32. What is the highest common factor of g and 385?
11
Suppose 7 = 7*m - 7. Suppose -5*t - u + 359 = 128, -m*t + 78 = 4*u. Calculate the highest common factor of 141 and t.
47
Let q(r) = -13*r + 14. Suppose -13*p - 72 = -7*p. Let l be q(p). Let j = -10 + l. Calculate the highest common divisor of 20 and j.
20
Let x = -20061 + 20282. Calculate the highest common divisor of x and 2119.
13
Let d = -76 - -25. Let x be ((-214)/(-6))/(17/d). Let r = x + 215. Calculate the greatest common factor of r and 12.
12
Let m = 200 - -21. Let l be (1/3)/(18/918). Calculate the highest common factor of l and m.
17
Let y be ((55/(-15))/11)/(13/(-312)). Calculate the greatest common factor of 3144 and y.
8
Let k(p) = -4*p + 169. Let m be k(16). Calculate the greatest common divisor of 483 and m.
21
Let f(q) = -q**2 - 13*q - 20. Suppose 0 = -5*g - 5*t - 30, -9*t + 11*t = 2*g + 20. Let s be f(g). Calculate the greatest common factor of 15 and s.
5
Suppose 5*c = -3*c - 232. Let f = -10 - c. Let u be (-3 + 4)*3*19. What is the greatest common factor of f and u?
19
Let y(i) = -20*i - 438. Let f be y(-29). What is the greatest common divisor of f and 4?
2
Let k(n) = -2*n**3 - 32*n**2 - 57*n + 184. Let l be k(-14). What is the greatest common factor of 1170 and l?
18
Suppose 5*o + 4*g = 43, 2*g + g - 24 = -3*o. Let j be -2 + (133 - -3)/2. Suppose 0*r = -2*r + j. Calculate the greatest common divisor of o and r.
11
Let g = -45 - -39. Let j be 6 - (-44 - g - 6). Calculate the greatest common factor of j and 650.
50
Let q(l) = -114*l**3 - 4*l**2 - 7*l - 7. Let s be q(-1). What is the highest common divisor of 880 and s?
110
Suppose 0 = -6*o - 19*o - 6*o. Suppose o = -14*s + 6*s + 232. What is the highest common factor of s and 2?
1
Suppose -3*g - 25 = -16. Let p be 954 - -4 - g/(-1). Suppose -4*a + 1012 = -4*w, -310 = -5*a + 4*w + p. Calculate the greatest common factor of a and 23.
23
Let z(y) = y**3 - 9*y**2 + 16*y + 1. Let p be z(7). Let l be 7435/p + 10/(-15). What is the highest common divisor of 45 and l?
45
Suppose -15*f + 17*f = 48. Suppose -3 = f*p - 27. What is the highest common divisor of p and 32?
1
Suppose -3*g = g - 8. Let c = -193 + 191. Let d = c - -24. Calculate the highest common factor of d and g.
2
Suppose -4*f = -3*v + 98, 9*f - 84 - 95 = -5*v. What is the greatest common factor of v and 4896?
34
Suppose 1 = -i, 5*r + 4*i + 888 - 2354 = 0. Calculate the greatest common divisor of 84 and r.
42
Let z(m) = -70*m + 700. Let d be z(-26). Calculate the greatest common divisor of d and 80.
40
Let y(l) = l**3 - 19*l**2 + 46*l + 4. Let p be y(7). Let j = p + 460. Calculate the highest common divisor of j and 36.
18
Suppose 4*a - 1899 - 1057 = -4*g, 4*g - 1476 = -2*a. Let x = 1073 - a. Calculate the highest common divisor of 18 and x.
9
Let u(r) = 50*r**2 - 235*r - 15. Let n be u(5). What is the highest common factor of 1530 and n?
30
Suppose 25*i - 20*i = -4*y + 171, 66 = 2*y - 4*i. What is the highest common factor of 1794 and y?
39
Let b(z) = -z**3 - 3*z**2 + 5*z - 2. Let n be b(-5). Suppose 2*v - 568 = -5*f, -22*f + 23*f = -2*v + 592. What is the highest common divisor of n and v?
23
Let h(k) = 4*k**2 + 19*k - 73. Let l be h(4). Calculate the greatest common factor of 11859 and l.
67
Let j = 70 + 163. Let o(c) = c + 63. Let f be o(-35). Let x be j - 42/f*(1 - -1). What is the highest common factor of 46 and x?
46
Suppose -114 = 28*f - 31*f. Suppose -k + f = 3*t + 25, -3*t + 5 = -k. Let m be (20/6)/(1/3). Calculate the greatest common factor of m and k.
2
Suppose 5*f + 6 = 16. Suppose 3*u - 5*y - 75 = u, -f*u + 3*y + 73 = 0. Suppose -u = -5*s + 10. Calculate the greatest common divisor of 6 and s.
3
Let r(l) = l**2 - 3*l - 8. Let m be r(4). Suppose 19 - 3 = n. Let x be n/(-2*(3 + m)). Calculate the highest common factor of 4 and x.
4
Let m = -17139 + 17405. Calculate the greatest common factor of m and 8.
2
Let b = 78 + -73. Let v(x) = x**3 - 17*x + 26. Let r be v(b). Calculate the highest common divisor of 660 and r.
66
Let d = 0 - -12. Let o = -304 + 307. Let c be o*((-4)/8)/((-4)/8). Calculate the highest common factor of c and d.
3
Let h be (13/(-1))/(3/(-9)). Suppose 56*n = 59*n + 5*x - 555, -n - 3*x + 177 = 0. Calculate the highest common factor of n and h.
39
Let j(v) = v**3 + 5*v**2 + 3. Let i be j(-4). Let n = -350 + 461. Suppose -953 - n = -14*z. What is the highest common factor of z and i?
19
Let g(j) be the first derivative of 10/3*j**3 + 5*j + 1/2*j**2 + 2 - 1/4*j**4. Let a be g(10). What is the highest common divisor of a and 135?
15
Let c = 30 - 15. Suppose 10*y - 5 = c*y. Let s be y + 1 - ((-79 - -3) + -1). What is the greatest common divisor of s and 11?
11
Let o be ((-6)/(-8))/(18/576). Suppose 8*h = 10*h - 912. What is the highest common factor of h and o?
24
Let i(o) = 8*o**3 + 11*o**2 + 12*o - 39. Let m be i(5). Calculate the highest common divisor of m and 32.
16
Let k = -10755 + 10761. Calculate the highest common divisor of 606 and k.
6
Suppose -h + 4*h = 66. Suppose -2077*s - 1452 = -4172*s + 2083*s. What is the greatest common factor of h and s?
11
Let n = 26 - 22. Suppose -n*m + 4*d + 1074 = -2*m, -1076 = -2*m + 2*d. Calculate the greatest common divisor of m and 49.
49
Let j(m) be the first derivative of -m**4/2 + 2*m**3/3 - 4*m + 10. Let s be j(-2). Suppose -682 = -26*v + 618. Calculate the highest common factor of v and s.
10
Suppose -36*h + 35*h = -5. Let o be 15010/50 + (-1)/h. Calculate the highest common divisor of 15 and o.
15
Let k be -13 + 14 + -254*4/(-8). Calculate the greatest common divisor of 20 and k.
4
Let a(b) = -10*b - 1 + 20 - 3. Let y be a(-3). Let d(v) = -5*v - 7. Let n be d(-6). What is the highest common factor of y and n?
23
Suppose 3*x - 9 + 0 = 0. Let m(o) = 10*o**2 + 1090*o + 4. Let n be m(-109). Calculate the greatest common divisor of x and n.
1
Let m be (4/26 + 2814/(-546))*6. Let l be m/(-70) + 1254/14. Calculate the greatest common factor of l and 30.
30
Suppose -43 - 269 = -156*v. Calculate